i(a) = 36*a**3 + 3*a**2 - 4*a + 5. Let j be i(2). Let s be (-40)/(-60)*(-67 - -1). Let h = s + 71. Calculate the greatest common divisor of h and j.
27
Suppose 3648*v = 3647*v + 92. What is the highest common divisor of 140 and v?
4
Let k(m) = m**2 - 7*m - 25. Let q be k(-3). Let g(j) = -q*j - 26 + 57 + 18. Let r be g(7). What is the highest common factor of r and 42?
14
Let f(p) = -39*p - 1. Let u be f(-1). Let x be (-761 - -764)/((-3)/(-4)). What is the highest common divisor of x and u?
2
Suppose 0 = -9*l + 8*l + 39. Suppose -3*x + 4*q = 2*x - 1507, 0 = -x - 3*q + 309. Suppose p - x = 9. What is the greatest common divisor of l and p?
39
Suppose 725 = 5*h - 650. Let q(z) = z**3 + 22*z**2 + 63*z - 23. Let u be q(-16). Let d = -480 + u. Calculate the greatest common divisor of h and d.
25
Let r be (3/9)/(2/60). Suppose r*o - 4*o - 132 = 0. Let f be (-130)/(-3) - 2/(-3). Calculate the greatest common factor of o and f.
22
Let k = -232 + 238. Let i be (3 - 6)/(k/(-116)). What is the greatest common factor of 58 and i?
58
Let v(m) = -84*m**2 - 3*m - 1. Let g be v(-1). Let h = -70 - g. Suppose -5*j + 137 = h. Calculate the greatest common factor of j and 50.
25
Suppose -54332 + 55244 = i + 37*i. Suppose -3*v = -4*q - 631, 123 = -3*v + 5*q + 752. Suppose v + 219 = 2*w. What is the highest common factor of i and w?
24
Suppose 52*u + 2042 = -1442. Let p be -3*(-2)/6*-73. Let t = u - p. What is the highest common factor of 54 and t?
6
Suppose -4*f - 415 = -5*h, -4*f + 249 = 3*h - 7*f. Let m = -72 + h. Suppose 80 = -6*k + m*k. What is the highest common divisor of k and 144?
16
Suppose -11 = 5*u - 36. Suppose -2*d + u*w + 38 = 0, 36 = -d + 4*d + 3*w. Calculate the greatest common factor of 168 and d.
14
Suppose 20 = 3*v + 2*v - 3*u, -16 = -4*v + u. Suppose -3*r - 4*k = -2*r - 68, 4*r - 4*k = 272. Let m = -66 + r. What is the highest common divisor of v and m?
2
Let o be 15/(-35) + 92/(-14). Let j be 6/((14/(-24))/o). Suppose 5 = -5*w, 2*h = 7*h - 2*w - 242. What is the highest common factor of h and j?
24
Suppose -4*f + 51693 = -3*l, -3*l + 75601 = 4*f + 23902. What is the highest common divisor of 18 and f?
18
Let i be (-7)/((-21)/(-2))*(3 - 9). Suppose -2*p = i*a + 2*p - 316, -4 = 4*p. Calculate the highest common divisor of a and 64.
16
Let x(h) = 5*h + 90. Let r be x(-19). Let y be 3/((-15)/10)*(r + 1). What is the greatest common divisor of y and 8?
8
Let j(o) = o**2 - 9*o + 42. Let k be j(3). What is the greatest common factor of k and 72?
24
Let l be 156/(-338) + (-171306)/(-39). Calculate the highest common factor of 216 and l.
72
Suppose -6*h + 288 = -2*h. Let a = 60 - 33. Calculate the greatest common divisor of a and h.
9
Suppose 2 = -2*o + o, -2*o = c - 2. Let h(d) = -5*d**2. Let k be h(2). Let z be (-110)/k - 3/c. What is the greatest common divisor of 2 and z?
1
Suppose -12*c = -42261 - 12699. Calculate the highest common factor of 20 and c.
20
Let l be (1 - (2 + 26)) + (6 - 5). Let w be 4/l + 1580/130. What is the highest common factor of 8 and w?
4
Let s = 16366 - 15750. What is the greatest common factor of 364 and s?
28
Suppose 13663 - 12695 = 44*q. Let y be 4/10 - 112/(-20). What is the greatest common divisor of q and y?
2
Let f = -171227 - -171363. Suppose t + 35 = 2*t. Let k = -18 + t. What is the highest common divisor of k and f?
17
Suppose 5*n + 2*p = 73836, -82*p + 86*p + 8 = 0. What is the highest common divisor of 142 and n?
142
Suppose -4*w + 2*h + 298 = 0, 116 + 111 = 3*w + 2*h. Suppose w = -10*d + 305. Let p be ((-6)/9)/(2/(-552)). What is the highest common divisor of p and d?
23
Let y(l) = 2*l**3 - 17*l**2 - 52*l + 39. Let z be y(11). What is the greatest common divisor of z and 40?
8
Let s(i) = -22*i - 132. Let u = -281 + 273. Let f be s(u). Calculate the greatest common factor of 8 and f.
4
Let y be (-3)/(-9) - (-45)/27. Suppose -3*z - y*z = 40. Let g be (0 - z)*13/2. Calculate the highest common divisor of g and 26.
26
Let m be 32054/434 - (2 + 0) - 1/(-7). What is the highest common divisor of 3864 and m?
24
Suppose -4*c + 16*c = 12. Let r(d) = 61*d**3 - d**2 - d + 1. Let z be r(c). What is the greatest common divisor of 24 and z?
12
Suppose 4*n + 0*g - 22 = g, 0 = -g - 2. Let z be 23/n + -1 + (-2)/(-5). What is the highest common factor of z and 4?
4
Suppose 195*q - 199*q + 24 = 0. Let b be (1 - q)*3696/(-385). Calculate the greatest common divisor of 72 and b.
24
Suppose q = -5*j - 292 + 1056, 3*q = j + 2276. Let d be 55/2*12/10. What is the highest common divisor of d and q?
33
Let x = 5580 + -5566. What is the highest common divisor of x and 502?
2
Let f(p) = p**2 - p - 9. Let a be f(-7). Let j(w) = -10*w + 202. Let o be j(-55). Suppose 90*n - 86*n - o = 0. What is the greatest common factor of a and n?
47
Let o = 59 - 17. Suppose -3*h + 1089 = 4*r, -3*r - 8*h + 822 = -4*h. Let g be (1 - 1 - -4)*r/180. What is the highest common divisor of g and o?
6
Let t be (-3 - -6*2)*5. Let r(d) = 8*d**2 + 230*d + 62. Let b be r(-29). What is the greatest common divisor of t and b?
15
Let w be ((-20)/16)/(2/8). Let k be -4 - (15/w + -43). Suppose 3 = -3*c + k. What is the highest common factor of c and 91?
13
Let a(c) = 8*c - 62. Let l be a(-6). Let x = -2 - -3. Let k be x*l/(-2) - -1. What is the greatest common factor of k and 8?
8
Let d = 1535 + -1311. Calculate the greatest common factor of 182 and d.
14
Suppose 2002 - 1322 = 5*h. What is the highest common divisor of h and 969?
17
Let s be (4 - 0) + (-3)/1 + 4. Suppose 16*h - 2926 = s*h. Calculate the highest common factor of h and 14.
14
Let f be (-221880)/(-225) + 44/120 + (-2)/4. Calculate the highest common divisor of f and 153.
17
Let l(o) = -o + 36. Let m be 0 - -25*(26/5 + -4). Let g be l(m). What is the highest common factor of g and 120?
6
Suppose -19*c - 2736 = -37*c. Let m be ((-304)/96)/((-2)/12). Calculate the highest common divisor of m and c.
19
Suppose 0 = -3*q + 6*q - 177. Suppose f = 4*h - q, -3*h - 2*h - 5*f + 55 = 0. Suppose -4*m + 7*m = 462. Calculate the highest common divisor of m and h.
14
Let q(f) = 4*f**2 + 10*f - 8. Let r be q(6). Let s = r - 86. Suppose 3*l - 12 = 0, 0 = -4*n + l + 85 + 87. Calculate the highest common divisor of s and n.
22
Suppose -2*u - 5*k = -185, -6*u + 8*u - 4*k - 194 = 0. What is the greatest common divisor of u and 209?
19
Let w(c) = -5*c**2 + 52*c + 7. Let g be w(8). What is the greatest common divisor of g and 309?
103
Suppose 5*d - 4*z = 206 + 330, -4*d = z - 454. Calculate the greatest common factor of d and 25648.
112
Suppose -4*l = -6*l + 40. Suppose -2564 = -4*c + p + 3*p, 3*c - 4*p = 1920. Let j = c - 424. Calculate the greatest common divisor of j and l.
20
Suppose 30*z - 48*z = 63*z - 37422. What is the greatest common factor of 210 and z?
42
Suppose -4*c + 3*v + 627 = 0, 0 = -20*c + 24*c + 5*v - 651. What is the highest common divisor of 44679 and c?
159
Let d = -737 - -1857. What is the greatest common divisor of d and 35?
35
Let b = -5788 + 5975. Let g(d) = -d**3 + 7*d**2 + 3*d - 10. Let u be g(7). What is the highest common factor of b and u?
11
Let p = -184 + 203. Suppose p*g - 4*g = 360. Suppose 252 = -0*o + 3*o. What is the greatest common factor of o and g?
12
Let u(k) = -89*k**3 + 2*k**2 + 7*k - 6. Let a be u(-2). Calculate the greatest common factor of 225 and a.
25
Let b be (-462)/(-18) - (-6)/36*2. Suppose 3*z - 86 = -2*r, 2*r - r - 56 = -2*z. Calculate the greatest common factor of z and b.
26
Let t be -7*3*16/28. Let q be t/8*2 - -64. Suppose -8 - 12 = 4*y, -q = -3*s - 4*y. What is the greatest common divisor of 270 and s?
27
Let f(m) = -7*m**2 + 4*m. Let c be f(5). Let n be c/55 + 3 + 2964/33. What is the greatest common divisor of n and 20?
10
Let z be ((-3)/9)/((-14)/126). Suppose -z*r + 4*n + 256 = 0, -5*r + 206 + 232 = -n. What is the highest common factor of r and 22?
22
Suppose -z - 2*z - 135 = -4*k, -4*k + 5*z = -145. Let w be 17 - (4/(-6))/((-28)/126)*-1. Calculate the highest common divisor of k and w.
10
Let t be 20*(-5)/((-25)/20). Suppose 2*j - 180 = 4*v, 0 = -26*j + 33*j + v - 555. What is the greatest common divisor of t and j?
80
Let n(d) = -8*d**3 - d**2 + 29*d + 335. Let y be n(-12). Calculate the highest common divisor of 316 and y.
79
Let r be (-7 - (2 - -487))*(5 - 3)